hat is 1 - (10 - ((4 - 1) + 1))?
-5
What is the value of (163 - 175) + 3 + -2 + 2?
-9
Evaluate 3 - ((6 - 2) + 0 + -2).
1
Calculate -4 + (-11 - -7 - (-1 + -1)).
-6
Evaluate 0 - (-2 - -4) - -5 - 3.
0
Calculate -3 + 3 + 3 + -6.
-3
What is the value of -2 + -2 + -9 + 7?
-6
-7 + -1 + (-7 - (-1 + -14))
0
What is 0 + 6 - (12 + (11 - 21))?
4
What is 3 - 1 - 3 - (-2 + 3)?
-2
Calculate 6 + (0 - 3) + -4.
-1
1 + 1 + (4 - 6) + 0
0
What is the value of (0 - -10) + -3 + (-3 - -3)?
7
Calculate (-4 - (0 + -1) - -10) + -4.
3
What is 2 + 2 + -6 - -7?
5
Evaluate -3 + 6 + 13 + -17 + -5.
-6
Evaluate -1 - (8 + (-1 - 4) + 0).
-4
What is the value of 3 + (-3 - 2) + 3?
1
Evaluate 3 + -6 + -8 + 2 - -3.
-6
What is 12 + 0 - (33 - 21)?
0
Evaluate -6 + (-19 - -17 - (-2 - 3)).
-3
Evaluate 2 - (12 + -13 - -2).
1
What is 1 - (0 + 1) - (8 + -7)?
-1
Calculate 4 - (0 + 0 - (45 - 45)).
4
What is -4 + 7 - (3 - (2 + -3))?
-1
What is 5 + 0 + -16 - -9?
-2
What is the value of -7 + 2 + 1 + (4 - 1)?
-1
Calculate -3 + -1 + (12 - 10).
-2
What is the value of 1 - (-1 + -3 - -9)?
-4
-7 - (3 - (1 + 6))
-3
Evaluate (5 - (-8 + 14)) + (1 - -7).
7
Evaluate 2 + 2 + -3 + 2.
3
Evaluate (-10 + 4 - -11) + -1.
4
0 - (6 + (1 - 12))
5
Evaluate 3 - 0 - (-24 - -30) - -10.
7
What is the value of (5 - 10) + (-1 - -2)?
-4
What is 3 + 1 + 3 + -6 + -4?
-3
1 + -3 + 16 + -5
9
Evaluate -1 - (-2 - -4) - -8.
5
-1 - -2 - -6 - (3 - -1)
3
Evaluate 8 + -8 - (1 + -5) - 4.
0
0 + (-1 - -7) + -2
4
Evaluate -11 + 5 - -13 - 6.
1
What is the value of 2 + (0 - 1 - 0) + -1?
0
Calculate (17 - -4) + -13 - 7.
1
Calculate 6 - (35 + -12 + -10).
-7
What is 5 + 4 + -5 - (7 + 1)?
-4
Calculate -18 - -2 - (6 - 13).
-9
Evaluate 3 - (1 - (4 - (3 - 0))).
3
Calculate 1 + -2 + -25 + 31.
5
Calculate -17 + 4 - -6 - (2 - 3).
-6
What is the value of 0 - (0 - (-5 + 6))?
1
Calculate -1 + (0 + -2 - (6 + -9)).
0
3 - ((5 - 4) + -3)
5
What is -7 + -1 + (-9 - -19)?
2
Calculate (2 + -6 - -6) + 0.
2
What is (-4 - (0 - 3 - -1)) + 10?
8
What is -5 - -3 - (-5 + 7)?
-4
-1 + -10 + 4 + 2
-5
0 + 4 + (-13 - -15 - -1)
7
Evaluate (-3 - -9) + 0 - (2 + 1).
3
Calculate -3 - (-4 + -1 + 4) - -2.
0
(-1 - -1 - 4) + (4 - 1)
-1
Calculate 2 - (-2 - -4) - -2.
2
Calculate (25 - 21) + (0 - 2 - -1).
3
Evaluate -6 + (-5 - -9) + 3.
1
Evaluate -4 + (-1 - -2) + -2 + 1.
-4
What is the value of -4 + 2 - -3 - 6?
-5
What is the value of (-4 + 3 - -3) + 1 + -4?
-1
(1 - 5 - -6) + 1 - 6
-3
(0 - -8) + 101 + -108
1
Evaluate (5 - 1) + (63 - 70).
-3
Calculate -4 + (6 - -5 - 5).
2
Calculate (5 - -5) + -11 + 4.
3
Calculate -2 + (3 - 2 - (0 + -2)).
1
Calculate (-2 - -7) + (-23 + 3 - -8).
-7
Evaluate 5 - ((8 - -7) + -1).
-9
-11 + (6 - (-1 + 1))
-5
Evaluate 1 + -5 + (-4 - -11 - 1).
2
Evaluate 3 - 1 - (-6 + 4).
4
Evaluate -1 + 4 - (-1 + 0).
4
Evaluate 6 - (-2 - -3) - (3 - 2).
4
Evaluate -10 - (-14 - (-14 - -6)).
-4
What is 1 - (-1 + -2 + 4)?
0
What is 5 + -4 + -9 + 3 - 0?
-5
(1 - (-2 - 4)) + -4 + -12
-9
What is the value of (10 + 7 - 18) + (1 - 1)?
-1
What is 45 - 44 - (7 - 0)?
-6
-1 + -1 + -1 + (2 - 3)
-4
-11 + 2 + 18 - 1
8
0 - (6 + -7 - -3)
-2
What is (-3 - 5) + 4 - (-15 - -10)?
1
What is the value of (7 - -2) + -5 - 5?
-1
Calculate 4 + 5 + -15 - (-3 + -1).
-2
Evaluate -3 + (-3 - -5) - -2.
1
Evaluate -2 - (5 + (-9 - -5)).
-3
What is the value of 1 - (4 - (-1 + 3))?
-1
Calculate 3 + (2 - 4) + 3 + -6.
-2
What is 6 + 2 + -11 + 3?
0
6 + (-5 - (5 + -9))
5
15 + -14 + 12 - 24
-11
10 + (6 - 9) + 0 + -6
1
(-4 - (-3 - 2)) + 4
5
Calculate -7 - ((0 - (-1 - -4)) + 0).
-4
What is the value of -3 - (14 - 5 - 4 - 7)?
-1
(1 - -2 - 7) + 7 + 1
4
Evaluate -2 + (3 - -1) + 2 + 0.
4
Evaluate -1 + -2 + (3 - (3 + -1)).
-2
Evaluate 3 - (-2 - (-5 + 0)).
0
Evaluate 1 - -1 - (-8 + 6).
4
What is -4 - (-17 + 17 + -8)?
4
Evaluate (1 - 1) + (0 - (-2 - -6)).
-4
-1 + 6 + -10 + 13
8
What is the value of 7 + 4 + -7 + 0?
4
6 - (-3 + (29 - 8 - 7))
-5
What is the value of -7 + 3 + 4 + -1?
-1
Evaluate -6 + (0 + 2 - -2) - 7.
-9
Calculate 5 + (4 - 7) + -1 + 1.
2
Calculate 6 - (8 + -5) - 0.
3
-10 + (10 - 12 - -10)
-2
-1 - (-5 - -5) - (-2 + 0)
1
Evaluate -6 + (14 - (0 + 5)) + -4.
-1
What is the value of 1 - (-8 + 10 + -11)?
10
What is (7 - 19 - -7 - -4) + -1?
-2
What is 5 - (8 - (11 + -5))?
3
What is the value of 5 - (8 + 8 + -12)?
1
What is -1 + (1 - (2 - 0)) + 3?
1
3 + -3 - 2 - (0 - 3)
1
What is the value of 4 + 0 + (1 + -1 - 5)?
-1
What is (-2 + -1 - -2) + 1?
0
1 + -6 + (0 - -5)
0
What is -12 + 19 + -2 - 3?
2
What is the value of -4 + 6 + (-2 - 3) - -3?
0
Calculate (10 - 9) + 3 + -7.
-3
-2 - (-4 + -2) - 3
1
Evaluate (1 - 2 - -1) + 3.
3
What is 6 + (9 - 7 - 2)?
6
Calculate 7 + (-34 - -15) + 4.
-8
5 - (3 + -3 - 0) - 10
-5
What is -6 + 3 + -1 + 5?
1
9 + -8 + (0 - -1 - -2)
4
Calculate 0 + -2 + -2 - (-1 - 1).
-2
Evaluate (0 - (-2 + 1)) + -5.
-4
What is the value of 0 + 3 - (6 + 2 - 2)?
-3
What is the value of 4 - (0 - (5 + 0 + -5))?
4
Calculate 3 + -8 + -7 + 6.
-6
What is the value of 5 - 2 - (-12 - -17) - 1?
-3
Calculate 7 + 2 - -3 - 6.
6
Evaluate -4 + 4 - (1 + 1 - 2).
0
(4 - -3) + (9 - (0 - -14))
2
What is the value of -93 - -90 - (2 - -1)?
-6
Evaluate (-3 - -5) + 4 - 6.
0
What is the value of (1 + 8 - 1) + -5?
3
Calculate 4 + 2 + -4 + 4 + -8.
-2
Calculate 13 - (-1 + 1 + 1 + 5).
7
Calculate 7 + (-1 - 1) - (-9 + 12).
2
Evaluate 2 - (6 - ((2 - 2) + 5)).
1
Evaluate -2 + (4 - (1 - 5)).
6
Evaluate 10 - (24 - -2) - -10.
-6
What is the value of 11 + -7 - (-4 + 16 + -1)?
-7
-4 + (-2 - 4 - (-43 - -37))
-4
Calculate 6 - (3 - (1 - -1)).
5
(0 - (0 + 8)) + 0 + 4
-4
Evaluate -5 - (5 - (-6 + 9)).
-7
What is the value of -1 - (7 + -3) - (-7 + 0)?
2
Evaluate -7 - (-1 - 5) - 3.
-4
Calculate -1 + 4 + (-7 - -3) + 1.
0
Evaluate -46 + 40 + -2 + 0 + 13.
5
What is the value of 64 + -62 + -4 + 0 + 0?
-2
What is the value of -4 + 6 + -2 + 4?
4
What is 4 + 0 + 2 + 0 - 12?
-6
What is the value of -16 + 12 - (-2 - 0 - -2)?
-4
What is the value of -7 + -2 + 0 + 3 + 2?
-4
Calculate -8 + 3 + 11 + -9.
-3
What is -4 + (5 + -5 + 3 - -5)?
4
Calculate -7 - -1 - (33 + -30) - -2.
-7
Calculate (-2 + 10 - 5) + -6 + 1.
-2
Evaluate -2 - (-5 + 10 + -4 - 3).
0
Calculate 2 - 6 - -3 - -2 - -4.
5
Evaluate -1 + 4 + 1 + -6.
-2
-1 + 1 - (0 - -2)
-2
Evaluate (6 - (1 + 9)) + 0.
-4
-9 + 9 + -5 + 4
-1
What is (5 - 6 - (-5 - -2)) + 3?
5
9 + -9 - (-9 + 16)
-7
What is the value of -4 + (10 - 13) + -1 + 3?
-5
-8 + 4 + 5 - (3 + -2)
0
What is (4 - (-6 + 12)) + (-1 - 0)?
-3
What is the value of -4 + -2 + 10 + -7?
-3
What is the value of 67 + -76 + (-1 - -5)?
-5
What is 7 + (4 - ((2 - -6) + 0))?
3
Calculate -14 - (0 - 14 - -5).
-5
What is 15 + -11 + -3 + 0 + 0?
1
(-6 - -7) + -4 - -9
6
Calculate 1 - (2 + -4) - 6 - -4.
1
What is the value of 1 + 2 + -3 + 2 + -2?
0
Evaluate 0 - ((-2 - -6) + -1).
-3
What is 5 - ((4 - 7) + 13)?
-5
Evaluate (7 - 14 - -3) + 2 + -4.
-6
Evaluate 0 - (-2 + -2 + 8) - 1.
-5
What is -10 + 6 - (-1 + -1 + -4)?
2
Evaluate 9 - (1 + 4) - 5.
-1
What is the value of -1 + 3 + 1 + -5 + 4?
2
What is the value of -5 - (9 + -3 - (5 + 2))?
-4
-6 + -6 + 3 + -8 + 25
8
What is the value of 0 - (-3 - -11 - (-2 + 2))?
-8
Calculate 2 - (3 + -5 - -3).
1
4 - (0 + -2 + 1)
5
Evaluate 5 - (18 + -7 + 0).
-6
Evaluate (3 - (4 + -2)) + (-7 - -2).
-4
What is the value of 11 + -10 + 12 + -8?
5
4 + (7 - 6) + 0 - 4
1
What is the value of 20 + 8 + -22 + -3?
3
Evaluate 22 + -23 + -1 + (8 - 2).
4
What is -4 - (2 - (4 - (-2 + 3)))?
-3
-1 - ((-3 - -1) + 2)
-1
What is -2 - (-6 + 6 + -3 + 2)?
-1
-3 - (-5 + 1 + -4 + 5)
0
(-1 - -4) + (3 - 3 - 6)
-3
Calculate -1 - -4 - 3 - (0 + 1).
-1
Evaluate 8 + 7 + -4 + -9.
2
What is the value of 18 + -20 + (-6 + 3 - -2)?
-3
-1 - (4 + 2) - (-1 - 15)
9
What is the value of 4 - (3 + (-2 - -1 - -1))?
1
What is the value of -39 - -48 - (-2 - -2)?
9
Evaluate -8 + -2 + 7 + -1.
-4
Evaluate 2 + -4 - (-9 + 4 - -4).
-1
Evaluate -13 + 6 - (-2 - 0).
-5
What is 1 - 10 - ((17 - 10) + -7)?
-9
4 - 9 - (1 + -9)
3
What is the value of -2 - -3 - (1 - -2) - -9?
7
What is the value of 10 + 1 + (-6 - -4) + -4?
5
Calculate -1 - (-1 + -3 + 2).
1
What is the value of -4 - (-5 - -4 - (-6 - -6))?
-3
Calculate 5 + 1 + (-4 - 5).
-3
(7 - (-1 - -2)) + 6 + -6
6
Evaluate -4 - (-8 + 3 - (1 - 3)).
-1
Calculate -1 + 7 - (-3 - (1 - 5)).
5
What is the value of -7 + (-1 + 5 - 3) + -2?
-8
Evaluate (4 - 2) + (-8 - -5).
-1
